{"id":1195,"date":"2014-12-22T18:40:43","date_gmt":"2014-12-22T16:40:43","guid":{"rendered":"http:\/\/www.tontraegerberlin.de\/wordpress\/wp-content\/uploads\/Tontr\u00e4ger-Berlin-Stra\u00dfenbahn-29.11-11.jpg"},"modified":"2014-12-22T18:40:43","modified_gmt":"2014-12-22T16:40:43","slug":"tontraeger-berlin-strassenbahn-29-11-11","status":"inherit","type":"attachment","link":"https:\/\/www.tontraegerberlin.de\/wordpress\/?attachment_id=1195","title":{"rendered":"Tontr\u00e4ger &#8211; Berlin &#8211; Stra\u00dfenbahn 29.11 (11)"},"author":1,"comment_status":"open","ping_status":"open","template":"","meta":[],"description":{"rendered":"<p class=\"attachment\"><a href='https:\/\/www.tontraegerberlin.de\/wordpress\/wp-content\/uploads\/Tontr\u00e4ger-Berlin-Stra\u00dfenbahn-29.11-11.jpg'><img width=\"300\" height=\"210\" src=\"https:\/\/www.tontraegerberlin.de\/wordpress\/wp-content\/uploads\/Tontr\u00e4ger-Berlin-Stra\u00dfenbahn-29.11-11-300x210.jpg\" class=\"attachment-medium size-medium\" alt=\"\" decoding=\"async\" loading=\"lazy\" srcset=\"https:\/\/www.tontraegerberlin.de\/wordpress\/wp-content\/uploads\/Tontr\u00e4ger-Berlin-Stra\u00dfenbahn-29.11-11-300x210.jpg 300w, https:\/\/www.tontraegerberlin.de\/wordpress\/wp-content\/uploads\/Tontr\u00e4ger-Berlin-Stra\u00dfenbahn-29.11-11-1024x718.jpg 1024w, https:\/\/www.tontraegerberlin.de\/wordpress\/wp-content\/uploads\/Tontr\u00e4ger-Berlin-Stra\u00dfenbahn-29.11-11.jpg 1754w\" sizes=\"(max-width: 300px) 100vw, 300px\" \/><\/a><\/p>\n"},"caption":{"rendered":""},"alt_text":"","media_type":"image","mime_type":"image\/jpeg","media_details":{"width":1754,"height":1229,"file":"Tontr\u00e4ger-Berlin-Stra\u00dfenbahn-29.11-11.jpg","sizes":{"thumbnail":{"file":"Tontr\u00e4ger-Berlin-Stra\u00dfenbahn-29.11-11-150x150.jpg","width":150,"height":150,"mime_type":"image\/jpeg","source_url":"https:\/\/www.tontraegerberlin.de\/wordpress\/wp-content\/uploads\/Tontr\u00e4ger-Berlin-Stra\u00dfenbahn-29.11-11-150x150.jpg"},"medium":{"file":"Tontr\u00e4ger-Berlin-Stra\u00dfenbahn-29.11-11-300x210.jpg","width":300,"height":210,"mime_type":"image\/jpeg","source_url":"https:\/\/www.tontraegerberlin.de\/wordpress\/wp-content\/uploads\/Tontr\u00e4ger-Berlin-Stra\u00dfenbahn-29.11-11-300x210.jpg"},"large":{"file":"Tontr\u00e4ger-Berlin-Stra\u00dfenbahn-29.11-11-1024x718.jpg","width":1024,"height":718,"mime_type":"image\/jpeg","source_url":"https:\/\/www.tontraegerberlin.de\/wordpress\/wp-content\/uploads\/Tontr\u00e4ger-Berlin-Stra\u00dfenbahn-29.11-11-1024x718.jpg"},"full":{"file":"Tontr\u00e4ger-Berlin-Stra\u00dfenbahn-29.11-11.jpg","width":1754,"height":1229,"mime_type":"image\/jpeg","source_url":"https:\/\/www.tontraegerberlin.de\/wordpress\/wp-content\/uploads\/Tontr\u00e4ger-Berlin-Stra\u00dfenbahn-29.11-11.jpg"}},"image_meta":{"aperture":0,"credit":"","camera":"","caption":"","created_timestamp":0,"copyright":"","focal_length":0,"iso":0,"shutter_speed":0,"title":"","orientation":0}},"post":1177,"source_url":"https:\/\/www.tontraegerberlin.de\/wordpress\/wp-content\/uploads\/Tontr\u00e4ger-Berlin-Stra\u00dfenbahn-29.11-11.jpg","_links":{"self":[{"href":"https:\/\/www.tontraegerberlin.de\/wordpress\/index.php?rest_route=\/wp\/v2\/media\/1195"}],"collection":[{"href":"https:\/\/www.tontraegerberlin.de\/wordpress\/index.php?rest_route=\/wp\/v2\/media"}],"about":[{"href":"https:\/\/www.tontraegerberlin.de\/wordpress\/index.php?rest_route=\/wp\/v2\/types\/attachment"}],"author":[{"embeddable":true,"href":"https:\/\/www.tontraegerberlin.de\/wordpress\/index.php?rest_route=\/wp\/v2\/users\/1"}],"replies":[{"embeddable":true,"href":"https:\/\/www.tontraegerberlin.de\/wordpress\/index.php?rest_route=%2Fwp%2Fv2%2Fcomments&post=1195"}]}}

http://www.tontraegerberlin.de/wordpress/wp-content/uploads/Tonträger-Berlin-Straßenbahn-29.11-11.jpg

Tonträger &#8211; Berlin &#8211; Straßenbahn 29.11 (11)

<p class="attachment"><a href='https://www.tontraegerberlin.de/wordpress/wp-content/uploads/Tonträger-Berlin-Straßenbahn-29.11-11.jpg'><img width="300" height="210" src="https://www.tontraegerberlin.de/wordpress/wp-content/uploads/Tonträger-Berlin-Straßenbahn-29.11-11-300x210.jpg" class="attachment-medium size-medium" alt="" decoding="async" loading="lazy" srcset="https://www.tontraegerberlin.de/wordpress/wp-content/uploads/Tonträger-Berlin-Straßenbahn-29.11-11-300x210.jpg 300w, https://www.tontraegerberlin.de/wordpress/wp-content/uploads/Tonträger-Berlin-Straßenbahn-29.11-11-1024x718.jpg 1024w, https://www.tontraegerberlin.de/wordpress/wp-content/uploads/Tonträger-Berlin-Straßenbahn-29.11-11.jpg 1754w" sizes="(max-width: 300px) 100vw, 300px" /></a></p>

Tonträger-Berlin-Straßenbahn-29.11-11.jpg

Tonträger-Berlin-Straßenbahn-29.11-11-150x150.jpg

https://www.tontraegerberlin.de/wordpress/wp-content/uploads/Tonträger-Berlin-Straßenbahn-29.11-11-150x150.jpg

Tonträger-Berlin-Straßenbahn-29.11-11-300x210.jpg

https://www.tontraegerberlin.de/wordpress/wp-content/uploads/Tonträger-Berlin-Straßenbahn-29.11-11-300x210.jpg

Tonträger-Berlin-Straßenbahn-29.11-11-1024x718.jpg

https://www.tontraegerberlin.de/wordpress/wp-content/uploads/Tonträger-Berlin-Straßenbahn-29.11-11-1024x718.jpg

https://www.tontraegerberlin.de/wordpress/wp-content/uploads/Tonträger-Berlin-Straßenbahn-29.11-11.jpg
